CRAN Package Check Results for Package contingency

Last updated on 2022-01-22 06:48:49 CET.

Flavor Version Tinstall Tcheck Ttotal Status Flags
r-devel-linux-x86_64-debian-clang 0.0.6 2.39 39.50 41.89 NOTE
r-devel-linux-x86_64-debian-gcc 0.0.6 2.35 30.03 32.38 NOTE
r-devel-linux-x86_64-fedora-clang 0.0.6 51.68 NOTE
r-devel-linux-x86_64-fedora-gcc 0.0.6 40.60 NOTE
r-devel-windows-x86_64-new-UL 0.0.6 69.00 58.00 127.00 NOTE
r-devel-windows-x86_64-new-TK 0.0.6 NOTE
r-patched-linux-x86_64 0.0.6 3.22 36.79 40.01 NOTE
r-release-linux-x86_64 0.0.6 2.79 36.28 39.07 NOTE
r-release-macos-arm64 0.0.6 NOTE
r-release-macos-x86_64 0.0.6 NOTE
r-release-windows-ix86+x86_64 0.0.6 7.00 45.00 52.00 NOTE
r-oldrel-macos-x86_64 0.0.6 OK
r-oldrel-windows-ix86+x86_64 0.0.6 7.00 50.00 57.00 OK

Check Details

Version: 0.0.6
Check: LazyData
Result: NOTE
     'LazyData' is specified without a 'data' directory
Flavors: r-devel-linux-x86_64-debian-clang, r-devel-linux-x86_64-debian-gcc, r-devel-linux-x86_64-fedora-clang, r-devel-linux-x86_64-fedora-gcc, r-devel-windows-x86_64-new-UL, r-devel-windows-x86_64-new-TK, r-patched-linux-x86_64, r-release-linux-x86_64, r-release-macos-arm64, r-release-macos-x86_64, r-release-windows-ix86+x86_64