CRAN Package Check Results for Package convergEU

Last updated on 2024-02-21 06:53:06 CET.

Flavor Version Tinstall Tcheck Ttotal Status Flags
r-devel-linux-x86_64-debian-clang 0.7.3.2 OK
r-devel-linux-x86_64-debian-gcc 0.7.3.2 7.38 112.77 120.15 OK
r-devel-linux-x86_64-fedora-clang 0.7.3.2 209.28 NOTE
r-devel-linux-x86_64-fedora-gcc 0.7.3.2 218.43 NOTE
r-devel-windows-x86_64 0.7.3.2 10.00 132.00 142.00 OK
r-patched-linux-x86_64 0.7.3.2 11.67 148.83 160.50 OK
r-release-linux-x86_64 0.7.3.2 9.94 149.56 159.50 OK
r-release-macos-arm64 0.7.3.2 59.00 OK
r-release-macos-x86_64 0.7.3.2 118.00 OK
r-release-windows-x86_64 0.7.3.2 14.00 166.00 180.00 OK
r-oldrel-macos-arm64 0.7.3.2 62.00 OK
r-oldrel-windows-x86_64 0.7.3.2 15.00 157.00 172.00 OK

Check Details

Version: 0.7.3.2
Check: data for non-ASCII characters
Result: NOTE Note: found 1 marked UTF-8 string Flavors: r-devel-linux-x86_64-fedora-clang, r-devel-linux-x86_64-fedora-gcc