CRAN Package Check Results for Package corTest

Last updated on 2020-08-05 06:47:17 CEST.

Flavor Version Tinstall Tcheck Ttotal Status Flags
r-devel-linux-x86_64-debian-clang 1.0.4 2.48 21.58 24.06 OK
r-devel-linux-x86_64-debian-gcc 1.0.4 2.16 16.81 18.97 OK
r-devel-linux-x86_64-fedora-clang 1.0.4 37.91 NOTE
r-devel-linux-x86_64-fedora-gcc 1.0.4 28.87 NOTE
r-devel-windows-ix86+x86_64 1.0.4 9.00 32.00 41.00 OK
r-patched-linux-x86_64 1.0.4 2.29 21.27 23.56 OK
r-patched-solaris-x86 1.0.4 42.40 NOTE
r-release-linux-x86_64 1.0.4 2.53 21.14 23.67 OK
r-release-macos-x86_64 1.0.4 NOTE
r-release-windows-ix86+x86_64 1.0.4 11.00 46.00 57.00 OK
r-oldrel-macos-x86_64 1.0.4 NOTE
r-oldrel-windows-ix86+x86_64 1.0.4 4.00 52.00 56.00 OK

Check Details

Version: 1.0.4
Check: dependencies in R code
Result: NOTE
    Namespace in Imports field not imported from: ‘graphics’
     All declared Imports should be used.
Flavors: r-devel-linux-x86_64-fedora-clang, r-devel-linux-x86_64-fedora-gcc, r-patched-solaris-x86, r-release-macos-x86_64, r-oldrel-macos-x86_64