CRAN Package Check Results for Package countrycode

Last updated on 2022-10-05 06:51:18 CEST.

Flavor Version Tinstall Tcheck Ttotal Status Flags
r-devel-linux-x86_64-debian-clang 1.4.0 3.35 92.94 96.29 OK
r-devel-linux-x86_64-debian-gcc 1.4.0 3.53 67.10 70.63 OK
r-devel-linux-x86_64-fedora-clang 1.4.0 128.25 NOTE
r-devel-linux-x86_64-fedora-gcc 1.4.0 121.76 NOTE
r-devel-windows-x86_64 1.4.0 41.00 259.00 300.00 OK
r-patched-linux-x86_64 1.4.0 4.36 88.20 92.56 OK
r-release-linux-x86_64 1.4.0 4.88 86.62 91.50 OK
r-release-macos-arm64 1.4.0 46.00 NOTE
r-release-macos-x86_64 1.4.0 74.00 NOTE
r-release-windows-x86_64 1.4.0 26.00 257.00 283.00 OK
r-oldrel-macos-arm64 1.4.0 51.00 NOTE
r-oldrel-macos-x86_64 1.4.0 64.00 NOTE
r-oldrel-windows-ix86+x86_64 1.4.0 9.00 203.00 212.00 OK

Check Details

Version: 1.4.0
Check: data for non-ASCII characters
Result: NOTE
     Note: found 139613 marked UTF-8 strings
Flavors: r-devel-linux-x86_64-fedora-clang, r-devel-linux-x86_64-fedora-gcc, r-release-macos-arm64, r-release-macos-x86_64, r-oldrel-macos-arm64, r-oldrel-macos-x86_64