Last updated on 2023-03-25 05:50:28 CET.
Flavor | Version | Tinstall | Tcheck | Ttotal | Status | Flags |
---|---|---|---|---|---|---|
r-devel-linux-x86_64-debian-clang | 0.1.0 | 3.20 | 54.87 | 58.07 | OK | |
r-devel-linux-x86_64-debian-gcc | 0.1.0 | 3.00 | 44.94 | 47.94 | OK | |
r-devel-linux-x86_64-fedora-clang | 0.1.0 | 76.17 | NOTE | |||
r-devel-linux-x86_64-fedora-gcc | 0.1.0 | 83.37 | NOTE | |||
r-patched-linux-x86_64 | 0.1.0 | 4.09 | 55.56 | 59.65 | OK | |
r-release-linux-x86_64 | 0.1.0 | 3.54 | 55.72 | 59.26 | OK | |
r-release-macos-arm64 | 0.1.0 | 32.00 | OK | |||
r-release-macos-x86_64 | 0.1.0 | 43.00 | OK | |||
r-release-windows-x86_64 | 0.1.0 | 23.00 | 119.00 | 142.00 | OK | |
r-oldrel-macos-arm64 | 0.1.0 | 42.00 | OK | |||
r-oldrel-macos-x86_64 | 0.1.0 | 63.00 | OK | |||
r-oldrel-windows-ix86+x86_64 | 0.1.0 | 10.00 | 112.00 | 122.00 | OK |
Version: 0.1.0
Check: compiled code
Result: NOTE
File ‘covBM/libs/covBM.so’:
Found no calls to: ‘R_registerRoutines’, ‘R_useDynamicSymbols’
It is good practice to register native routines and to disable symbol
search.
See ‘Writing portable packages’ in the ‘Writing R Extensions’ manual.
Flavors: r-devel-linux-x86_64-fedora-clang, r-devel-linux-x86_64-fedora-gcc