CRAN Package Check Results for Package covafillr

Last updated on 2024-06-18 07:03:51 CEST.

Flavor Version Tinstall Tcheck Ttotal Status Flags
r-devel-linux-x86_64-debian-clang 0.4.4 33.56 34.32 67.88 NOTE
r-devel-linux-x86_64-debian-gcc 0.4.4 27.86 27.92 55.78 NOTE
r-devel-linux-x86_64-fedora-clang 0.4.4 82.34 NOTE
r-devel-linux-x86_64-fedora-gcc 0.4.4 103.85 NOTE
r-devel-windows-x86_64 0.4.4 37.00 55.00 92.00 NOTE
r-patched-linux-x86_64 0.4.4 31.82 36.07 67.89 NOTE
r-release-linux-x86_64 0.4.4 33.40 34.73 68.13 NOTE
r-release-macos-arm64 0.4.4 28.00 NOTE
r-release-macos-x86_64 0.4.4 44.00 NOTE
r-release-windows-x86_64 0.4.4 36.00 57.00 93.00 NOTE
r-oldrel-macos-arm64 0.4.4 32.00 NOTE
r-oldrel-macos-x86_64 0.4.4 45.00 NOTE
r-oldrel-windows-x86_64 0.4.4 41.00 77.00 118.00 NOTE

Check Details

Version: 0.4.4
Check: LazyData
Result: NOTE 'LazyData' is specified without a 'data' directory Flavors: r-devel-linux-x86_64-debian-clang, r-devel-linux-x86_64-debian-gcc, r-devel-linux-x86_64-fedora-clang, r-devel-linux-x86_64-fedora-gcc, r-devel-windows-x86_64, r-patched-linux-x86_64, r-release-linux-x86_64, r-release-macos-arm64, r-release-macos-x86_64, r-release-windows-x86_64, r-oldrel-macos-arm64, r-oldrel-macos-x86_64, r-oldrel-windows-x86_64

Version: 0.4.4
Check: installed package size
Result: NOTE installed size is 13.5Mb sub-directories of 1Mb or more: libs 13.0Mb Flavors: r-release-macos-arm64, r-release-macos-x86_64, r-oldrel-macos-arm64, r-oldrel-macos-x86_64