CRAN Package Check Results for Package covid19.analytics

Last updated on 2022-01-26 06:50:10 CET.

Flavor Version Tinstall Tcheck Ttotal Status Flags
r-devel-linux-x86_64-debian-clang 2.1.1 14.05 304.11 318.16 OK
r-devel-linux-x86_64-debian-gcc 2.1.1 10.26 205.66 215.92 OK
r-devel-linux-x86_64-fedora-clang 2.1.1 361.47 NOTE
r-devel-linux-x86_64-fedora-gcc 2.1.1 350.17 OK
r-devel-windows-x86_64-new-UL 2.1.1 523.00 289.00 812.00 NOTE
r-devel-windows-x86_64-new-TK 2.1.1 OK
r-patched-linux-x86_64 2.1.1 11.89 284.56 296.45 OK
r-release-linux-x86_64 2.1.1 10.73 285.61 296.34 OK
r-release-macos-arm64 2.1.1 NOTE
r-release-macos-x86_64 2.1.1 NOTE
r-release-windows-ix86+x86_64 2.1.1 30.00 463.00 493.00 NOTE
r-oldrel-macos-x86_64 2.1.1 NOTE
r-oldrel-windows-ix86+x86_64 2.1.1 30.00 465.00 495.00 NOTE

Check Details

Version: 2.1.1
Check: installed package size
Result: NOTE
     installed size is 5.1Mb
     sub-directories of 1Mb or more:
     doc 1.6Mb
     extdata 2.7Mb
Flavors: r-devel-linux-x86_64-fedora-clang, r-devel-windows-x86_64-new-UL, r-release-macos-arm64, r-release-macos-x86_64, r-release-windows-ix86+x86_64, r-oldrel-macos-x86_64, r-oldrel-windows-ix86+x86_64