CRAN Package Check Results for Package covid19india

Last updated on 2024-03-02 06:51:49 CET.

Flavor Version Tinstall Tcheck Ttotal Status Flags
r-devel-linux-x86_64-debian-clang 0.1.4 17.11 121.05 138.16 OK
r-devel-linux-x86_64-debian-gcc 0.1.4 11.21 90.47 101.68 OK
r-devel-linux-x86_64-fedora-clang 0.1.4 173.19 NOTE
r-devel-linux-x86_64-fedora-gcc 0.1.4 161.64 NOTE
r-devel-windows-x86_64 0.1.4 14.00 103.00 117.00 OK
r-patched-linux-x86_64 0.1.4 15.55 117.22 132.77 OK
r-release-linux-x86_64 0.1.4 11.93 119.31 131.24 OK
r-release-macos-arm64 0.1.4 48.00 OK
r-release-macos-x86_64 0.1.4 79.00 OK
r-release-windows-x86_64 0.1.4 19.00 127.00 146.00 OK
r-oldrel-macos-arm64 0.1.4 49.00 NOTE
r-oldrel-windows-x86_64 0.1.4 19.00 124.00 143.00 OK

Check Details

Version: 0.1.4
Check: dependencies in R code
Result: NOTE Namespaces in Imports field not imported from: ‘httr’ ‘stringr’ All declared Imports should be used. Flavors: r-devel-linux-x86_64-fedora-clang, r-devel-linux-x86_64-fedora-gcc, r-oldrel-macos-arm64