CRAN Package Check Results for Package covr

Last updated on 2021-12-02 06:49:03 CET.

Flavor Version Tinstall Tcheck Ttotal Status Flags
r-devel-linux-x86_64-debian-clang 3.5.1 6.13 114.31 120.44 NOTE
r-devel-linux-x86_64-debian-gcc 3.5.1 3.96 90.19 94.15 NOTE
r-devel-linux-x86_64-fedora-clang 3.5.1 158.06 NOTE
r-devel-linux-x86_64-fedora-gcc 3.5.1 171.84 NOTE
r-devel-windows-x86_64-new-UL 3.5.1 21.00 283.00 304.00 NOTE
r-devel-windows-x86_64-new-TK 3.5.1 NOTE
r-devel-windows-x86_64-old 3.5.1 10.00 148.00 158.00 NOTE
r-patched-linux-x86_64 3.5.1 5.63 110.42 116.05 NOTE
r-patched-solaris-x86 3.5.1 77.70 NOTE
r-release-linux-x86_64 3.5.1 4.74 109.43 114.17 NOTE
r-release-macos-arm64 3.5.1 NOTE
r-release-macos-x86_64 3.5.1 NOTE
r-release-windows-ix86+x86_64 3.5.1 13.00 342.00 355.00 NOTE
r-oldrel-macos-x86_64 3.5.1 OK
r-oldrel-windows-ix86+x86_64 3.5.1 13.00 342.00 355.00 OK

Check Details

Version: 3.5.1
Check: LazyData
Result: NOTE
     'LazyData' is specified without a 'data' directory
Flavors: r-devel-linux-x86_64-debian-clang, r-devel-linux-x86_64-debian-gcc, r-devel-linux-x86_64-fedora-clang, r-devel-linux-x86_64-fedora-gcc, r-devel-windows-x86_64-new-UL, r-devel-windows-x86_64-new-TK, r-devel-windows-x86_64-old, r-patched-linux-x86_64, r-patched-solaris-x86, r-release-linux-x86_64, r-release-macos-arm64, r-release-macos-x86_64, r-release-windows-ix86+x86_64