CRAN Package Check Results for Package covsim

Last updated on 2023-01-28 07:14:51 CET.

Flavor Version Tinstall Tcheck Ttotal Status Flags
r-devel-linux-x86_64-debian-clang 1.0.0 3.26 213.15 216.41 OK
r-devel-linux-x86_64-debian-gcc 1.0.0 2.51 141.46 143.97 OK
r-devel-linux-x86_64-fedora-clang 1.0.0 254.08 NOTE
r-devel-linux-x86_64-fedora-gcc 1.0.0 257.60 NOTE
r-devel-windows-x86_64 1.0.0 12.00 161.00 173.00 OK
r-patched-linux-x86_64 1.0.0 3.40 215.08 218.48 OK
r-release-linux-x86_64 1.0.0 3.26 220.37 223.63 OK
r-release-macos-arm64 1.0.0 65.00 NOTE
r-release-macos-x86_64 1.0.0 87.00 NOTE
r-release-windows-x86_64 1.0.0 14.00 166.00 180.00 OK
r-oldrel-macos-arm64 1.0.0 74.00 NOTE
r-oldrel-macos-x86_64 1.0.0 82.00 NOTE
r-oldrel-windows-ix86+x86_64 1.0.0 7.00 189.00 196.00 OK

Check Details

Version: 1.0.0
Check: dependencies in R code
Result: NOTE
    Namespaces in Imports field not imported from:
     ‘Rcpp’ ‘gsl’
     All declared Imports should be used.
Flavors: r-devel-linux-x86_64-fedora-clang, r-devel-linux-x86_64-fedora-gcc, r-release-macos-arm64, r-release-macos-x86_64, r-oldrel-macos-arm64, r-oldrel-macos-x86_64