CRAN Package Check Results for Package cowbell

Last updated on 2022-01-22 06:48:50 CET.

Flavor Version Tinstall Tcheck Ttotal Status Flags
r-devel-linux-x86_64-debian-clang 0.1.0 2.52 84.14 86.66 OK
r-devel-linux-x86_64-debian-gcc 0.1.0 2.15 63.27 65.42 OK
r-devel-linux-x86_64-fedora-clang 0.1.0 103.31 NOTE
r-devel-linux-x86_64-fedora-gcc 0.1.0 91.28 NOTE
r-devel-windows-x86_64-new-UL 0.1.0 32.00 101.00 133.00 OK
r-devel-windows-x86_64-new-TK 0.1.0 NOTE
r-patched-linux-x86_64 0.1.0 1.98 81.35 83.33 OK
r-release-linux-x86_64 0.1.0 2.48 79.83 82.31 OK
r-release-macos-arm64 0.1.0 NOTE
r-release-macos-x86_64 0.1.0 NOTE
r-release-windows-ix86+x86_64 0.1.0 6.00 98.00 104.00 OK
r-oldrel-macos-x86_64 0.1.0 NOTE
r-oldrel-windows-ix86+x86_64 0.1.0 6.00 98.00 104.00 OK

Check Details

Version: 0.1.0
Check: dependencies in R code
Result: NOTE
    Namespaces in Imports field not imported from:
     ‘ggplot2’ ‘misc3d’
     All declared Imports should be used.
Flavors: r-devel-linux-x86_64-fedora-clang, r-devel-linux-x86_64-fedora-gcc, r-devel-windows-x86_64-new-TK, r-release-macos-arm64, r-release-macos-x86_64, r-oldrel-macos-x86_64