CRAN Package Check Results for Package cqcr

Last updated on 2023-03-20 05:52:07 CET.

Flavor Version Tinstall Tcheck Ttotal Status Flags
r-devel-linux-x86_64-debian-clang 0.1.2 NOTE
r-devel-linux-x86_64-debian-gcc 0.1.2 2.03 22.77 24.80 NOTE
r-devel-linux-x86_64-fedora-clang 0.1.2 41.17 NOTE
r-devel-linux-x86_64-fedora-gcc 0.1.2 49.64 NOTE
r-devel-windows-x86_64 0.1.2 17.00 61.00 78.00 NOTE
r-patched-linux-x86_64 0.1.2 2.45 29.63 32.08 NOTE
r-release-linux-x86_64 0.1.2 1.56 28.39 29.95 NOTE
r-release-macos-arm64 0.1.2 16.00 NOTE
r-release-macos-x86_64 0.1.2 34.00 NOTE
r-release-windows-x86_64 0.1.2 14.00 64.00 78.00 NOTE
r-oldrel-macos-arm64 0.1.2 40.00 NOTE
r-oldrel-macos-x86_64 0.1.2 34.00 NOTE
r-oldrel-windows-ix86+x86_64 0.1.2 6.00 62.00 68.00 NOTE

Check Details

Version: 0.1.2
Check: LazyData
Result: NOTE
     'LazyData' is specified without a 'data' directory
Flavors: r-devel-linux-x86_64-debian-clang, r-devel-linux-x86_64-debian-gcc, r-devel-linux-x86_64-fedora-clang, r-devel-linux-x86_64-fedora-gcc, r-devel-windows-x86_64, r-patched-linux-x86_64, r-release-linux-x86_64, r-release-macos-arm64, r-release-macos-x86_64, r-release-windows-x86_64, r-oldrel-macos-arm64, r-oldrel-macos-x86_64, r-oldrel-windows-ix86+x86_64