Last updated on 2023-12-08 06:50:54 CET.
Flavor | Version | Tinstall | Tcheck | Ttotal | Status | Flags |
---|---|---|---|---|---|---|
r-devel-linux-x86_64-debian-clang | 2.3.0 | 160.97 | 67.29 | 228.26 | NOTE | |
r-devel-linux-x86_64-debian-gcc | 2.3.0 | 103.32 | 50.19 | 153.51 | NOTE | |
r-devel-linux-x86_64-fedora-clang | 2.3.0 | 316.91 | OK | |||
r-devel-linux-x86_64-fedora-gcc | 2.3.0 | 314.59 | OK | |||
r-devel-windows-x86_64 | 2.3.0 | 114.00 | 108.00 | 222.00 | OK | --no-vignettes |
r-patched-linux-x86_64 | 2.3.0 | 122.15 | 64.42 | 186.57 | OK | |
r-release-linux-x86_64 | 2.3.0 | 133.99 | 64.41 | 198.40 | OK | |
r-release-macos-arm64 | 2.3.0 | 77.00 | NOTE | |||
r-release-macos-x86_64 | 2.3.0 | 125.00 | NOTE | |||
r-release-windows-x86_64 | 2.3.0 | 150.00 | 108.00 | 258.00 | OK | --no-vignettes |
r-oldrel-macos-arm64 | 2.3.0 | 80.00 | NOTE | |||
r-oldrel-macos-x86_64 | 2.3.0 | 90.00 | NOTE | |||
r-oldrel-windows-x86_64 | 2.3.0 | 145.00 | 99.00 | 244.00 | OK | --no-vignettes |
Version: 2.3.0
Check: Rd files
Result: NOTE
checkRd: (-1) crwPredict.Rd:54-68: Lost braces
54 | \item("predTime"){
| ^
checkRd: (-1) crwPredict.Rd:59: Lost braces
59 | no longer the default (see \item{return.type}). If the original data were
| ^
Flavors: r-devel-linux-x86_64-debian-clang, r-devel-linux-x86_64-debian-gcc
Version: 2.3.0
Check: installed package size
Result: NOTE
installed size is 6.3Mb
sub-directories of 1Mb or more:
libs 5.5Mb
Flavors: r-release-macos-arm64, r-release-macos-x86_64, r-oldrel-macos-arm64, r-oldrel-macos-x86_64