CRAN Package Check Results for Package crossdes

Last updated on 2021-02-25 06:46:59 CET.

Flavor Version Tinstall Tcheck Ttotal Status Flags
r-devel-linux-x86_64-debian-clang 1.1-1 3.23 30.23 33.46 NOTE
r-devel-linux-x86_64-debian-gcc 1.1-1 2.50 22.87 25.37 NOTE
r-devel-linux-x86_64-fedora-clang 1.1-1 47.90 NOTE
r-devel-linux-x86_64-fedora-gcc 1.1-1 38.02 NOTE
r-devel-windows-ix86+x86_64 1.1-1 6.00 34.00 40.00 NOTE
r-patched-linux-x86_64 1.1-1 3.28 28.28 31.56 NOTE
r-patched-solaris-x86 1.1-1 56.80 NOTE
r-release-linux-x86_64 1.1-1 3.11 28.23 31.34 NOTE
r-release-macos-x86_64 1.1-1 NOTE
r-release-windows-ix86+x86_64 1.1-1 5.00 33.00 38.00 NOTE
r-oldrel-macos-x86_64 1.1-1 NOTE
r-oldrel-windows-ix86+x86_64 1.1-1 5.00 43.00 48.00 NOTE

Check Details

Version: 1.1-1
Check: R code for possible problems
Result: NOTE
    get.plan: no visible global function definition for 'menu'
    Undefined global functions or variables:
     menu
    Consider adding
     importFrom("utils", "menu")
    to your NAMESPACE file.
Flavors: r-devel-linux-x86_64-debian-clang, r-devel-linux-x86_64-debian-gcc, r-devel-linux-x86_64-fedora-clang, r-devel-linux-x86_64-fedora-gcc, r-devel-windows-ix86+x86_64, r-patched-linux-x86_64, r-patched-solaris-x86, r-release-linux-x86_64, r-release-macos-x86_64, r-release-windows-ix86+x86_64, r-oldrel-macos-x86_64, r-oldrel-windows-ix86+x86_64