Last updated on 2023-03-28 06:51:12 CEST.
Flavor | Version | Tinstall | Tcheck | Ttotal | Status | Flags |
---|---|---|---|---|---|---|
r-devel-linux-x86_64-debian-clang | 1.0.1 | 14.58 | 360.60 | 375.18 | OK | |
r-devel-linux-x86_64-debian-gcc | 1.0.1 | 14.77 | 286.98 | 301.75 | OK | |
r-devel-linux-x86_64-fedora-clang | 1.0.1 | 484.76 | OK | |||
r-devel-linux-x86_64-fedora-gcc | 1.0.1 | 466.06 | OK | |||
r-devel-windows-x86_64 | 1.0.1 | 33.00 | 456.00 | 489.00 | OK | |
r-patched-linux-x86_64 | 1.0.1 | 21.58 | 347.87 | 369.45 | OK | |
r-release-linux-x86_64 | 1.0.1 | 14.11 | 352.22 | 366.33 | OK | |
r-release-macos-arm64 | 1.0.1 | 120.00 | OK | |||
r-release-macos-x86_64 | 1.0.1 | 167.00 | OK | |||
r-release-windows-x86_64 | 1.0.1 | 35.00 | 465.00 | 500.00 | OK | |
r-oldrel-macos-arm64 | 1.0.1 | 128.00 | OK | |||
r-oldrel-macos-x86_64 | 1.0.1 | 152.00 | OK | |||
r-oldrel-windows-ix86+x86_64 | 1.0.1 | 37.00 | 454.00 | 491.00 | ERROR |
Version: 1.0.1
Check: PDF version of manual
Result: WARN
LaTeX errors when creating PDF version.
This typically indicates Rd problems.
LaTeX errors found:
! Package inputenc Error: Unicode char â<c2><80><c2><90> (U+2010)
(inputenc) not set up for use with LaTeX.
See the inputenc package documentation for explanation.
Type H <return> for immediate help.
! Package inputenc Error: Unicode char â<c2><80><c2><90> (U+2010)
(inputenc) not set up for use with LaTeX.
See the inputenc package documentation for explanation.
Type H <return> for immediate help.
Flavor: r-oldrel-windows-ix86+x86_64
Version: 1.0.1
Check: PDF version of manual without hyperrefs or index
Result: ERROR
Flavor: r-oldrel-windows-ix86+x86_64