CRAN Package Check Results for Package crosstalkr

Last updated on 2024-02-29 06:54:04 CET.

Flavor Version Tinstall Tcheck Ttotal Status Flags
r-devel-linux-x86_64-debian-clang 1.0.4 24.74 191.90 216.64 OK
r-devel-linux-x86_64-debian-gcc 1.0.4 18.40 150.26 168.66 OK
r-devel-linux-x86_64-fedora-clang 1.0.4 271.29 OK
r-devel-linux-x86_64-fedora-gcc 1.0.4 284.89 OK
r-devel-windows-x86_64 1.0.4 21.00 170.00 191.00 OK
r-patched-linux-x86_64 1.0.4 25.99 194.97 220.96 OK
r-release-linux-x86_64 1.0.4 22.88 191.01 213.89 OK
r-release-macos-arm64 1.0.4 145.00 NOTE
r-release-macos-x86_64 1.0.4 190.00 NOTE
r-release-windows-x86_64 1.0.4 28.00 224.00 252.00 NOTE
r-oldrel-macos-arm64 1.0.4 106.00 NOTE
r-oldrel-windows-x86_64 1.0.4 25.00 228.00 253.00 NOTE

Check Details

Version: 1.0.4
Check: package dependencies
Result: NOTE Package suggested but not available for checking: ‘EnsDb.Hsapiens.v86’ Flavors: r-release-macos-arm64, r-release-macos-x86_64, r-release-windows-x86_64, r-oldrel-macos-arm64, r-oldrel-windows-x86_64