Last updated on 2021-01-16 06:51:04 CET.
Flavor | Version | Tinstall | Tcheck | Ttotal | Status | Flags |
---|---|---|---|---|---|---|
r-devel-linux-x86_64-debian-clang | 0.3.6 | 3.05 | 24.89 | 27.94 | OK | |
r-devel-linux-x86_64-debian-gcc | 0.3.6 | 2.44 | 19.66 | 22.10 | OK | |
r-devel-linux-x86_64-fedora-clang | 0.3.6 | 43.65 | NOTE | |||
r-devel-linux-x86_64-fedora-gcc | 0.3.6 | 32.85 | NOTE | |||
r-devel-windows-ix86+x86_64 | 0.3.6 | 7.00 | 34.00 | 41.00 | OK | |
r-patched-linux-x86_64 | 0.3.6 | 2.53 | 24.03 | 26.56 | OK | |
r-patched-solaris-x86 | 0.3.6 | 51.80 | NOTE | |||
r-release-linux-x86_64 | 0.3.6 | 2.65 | 23.88 | 26.53 | OK | |
r-release-macos-x86_64 | 0.3.6 | NOTE | ||||
r-release-windows-ix86+x86_64 | 0.3.6 | 6.00 | 31.00 | 37.00 | OK | |
r-oldrel-macos-x86_64 | 0.3.6 | NOTE | ||||
r-oldrel-windows-ix86+x86_64 | 0.3.6 | 5.00 | 30.00 | 35.00 | OK |
Version: 0.3.6
Check: dependencies in R code
Result: NOTE
Namespaces in Imports field not imported from:
‘R6’ ‘dplyr’ ‘r6extended’
All declared Imports should be used.
Flavors: r-devel-linux-x86_64-fedora-clang, r-devel-linux-x86_64-fedora-gcc, r-patched-solaris-x86, r-release-macos-x86_64, r-oldrel-macos-x86_64