Last updated on 2023-03-28 06:51:12 CEST.
Flavor | Version | Tinstall | Tcheck | Ttotal | Status | Flags |
---|---|---|---|---|---|---|
r-devel-linux-x86_64-debian-clang | 0.3.3 | 7.18 | 68.61 | 75.79 | OK | |
r-devel-linux-x86_64-debian-gcc | 0.3.3 | 5.16 | 53.02 | 58.18 | OK | |
r-devel-linux-x86_64-fedora-clang | 0.3.3 | 95.18 | OK | |||
r-devel-linux-x86_64-fedora-gcc | 0.3.3 | 120.05 | OK | |||
r-devel-windows-x86_64 | 0.3.3 | 66.00 | 103.00 | 169.00 | OK | |
r-patched-linux-x86_64 | 0.3.3 | 6.32 | 67.12 | 73.44 | OK | |
r-release-linux-x86_64 | 0.3.3 | 8.00 | 69.06 | 77.06 | OK | |
r-release-macos-arm64 | 0.3.3 | 42.00 | OK | |||
r-release-macos-x86_64 | 0.3.3 | 76.00 | OK | |||
r-release-windows-x86_64 | 0.3.3 | 83.00 | 109.00 | 192.00 | OK | |
r-oldrel-macos-arm64 | 0.3.3 | 45.00 | OK | |||
r-oldrel-macos-x86_64 | 0.3.3 | 55.00 | OK | |||
r-oldrel-windows-ix86+x86_64 | 0.3.3 | 19.00 | 97.00 | 116.00 | NOTE |
Version: 0.3.3
Check: R code for possible problems
Result: NOTE
Initiating curl with CURL_SSL_BACKEND: openssl
Flavor: r-oldrel-windows-ix86+x86_64