CRAN Package Check Results for Package ctrialsgov

Last updated on 2022-09-29 06:54:18 CEST.

Flavor Version Tinstall Tcheck Ttotal Status Flags
r-devel-linux-x86_64-debian-clang 0.2.5 13.23 123.63 136.86 OK
r-devel-linux-x86_64-debian-gcc 0.2.5 11.98 93.48 105.46 OK
r-devel-linux-x86_64-fedora-clang 0.2.5 184.15 NOTE
r-devel-linux-x86_64-fedora-gcc 0.2.5 180.19 NOTE
r-devel-windows-x86_64 0.2.5 32.00 148.00 180.00 OK
r-patched-linux-x86_64 0.2.5 15.42 116.54 131.96 OK
r-release-linux-x86_64 0.2.5 12.52 115.79 128.31 OK
r-release-macos-arm64 0.2.5 64.00 NOTE
r-release-macos-x86_64 0.2.5 87.00 NOTE
r-release-windows-x86_64 0.2.5 46.00 147.00 193.00 OK
r-oldrel-macos-arm64 0.2.5 65.00 NOTE
r-oldrel-macos-x86_64 0.2.5 70.00 NOTE
r-oldrel-windows-ix86+x86_64 0.2.5 28.00 151.00 179.00 OK

Check Details

Version: 0.2.5
Check: data for non-ASCII characters
Result: NOTE
     Note: found 1350 marked UTF-8 strings
Flavors: r-devel-linux-x86_64-fedora-clang, r-devel-linux-x86_64-fedora-gcc, r-release-macos-arm64, r-release-macos-x86_64, r-oldrel-macos-arm64, r-oldrel-macos-x86_64