CRAN Package Check Results for Package cubfits

Last updated on 2022-07-04 06:51:21 CEST.

Flavor Version Tinstall Tcheck Ttotal Status Flags
r-devel-linux-x86_64-debian-clang 0.1-4 11.57 79.70 91.27 OK
r-devel-linux-x86_64-debian-gcc 0.1-4 10.79 61.26 72.05 OK
r-devel-linux-x86_64-fedora-clang 0.1-4 122.47 OK
r-devel-linux-x86_64-fedora-gcc 0.1-4 122.80 OK
r-devel-windows-x86_64 0.1-4 192.00 136.00 328.00 OK
r-patched-linux-x86_64 0.1-4 12.35 75.64 87.99 OK
r-release-linux-x86_64 0.1-4 12.52 75.28 87.80 OK
r-release-macos-arm64 0.1-4 37.00 NOTE
r-release-macos-x86_64 0.1-4 48.00 NOTE
r-release-windows-x86_64 0.1-4 126.00 134.00 260.00 OK
r-oldrel-macos-arm64 0.1-4 39.00 NOTE
r-oldrel-macos-x86_64 0.1-4 55.00 NOTE
r-oldrel-windows-ix86+x86_64 0.1-4 24.00 111.00 135.00 OK

Check Details

Version: 0.1-4
Check: package dependencies
Result: NOTE
    Package which this enhances but not available for checking: ‘pbdMPI’
Flavors: r-release-macos-arm64, r-release-macos-x86_64, r-oldrel-macos-arm64, r-oldrel-macos-x86_64