CRAN Package Check Results for Package cubfits

Last updated on 2020-08-14 06:48:52 CEST.

Flavor Version Tinstall Tcheck Ttotal Status Flags
r-devel-linux-x86_64-debian-clang 0.1-3 12.16 69.83 81.99 OK
r-devel-linux-x86_64-debian-gcc 0.1-3 10.22 53.61 63.83 OK
r-devel-linux-x86_64-fedora-clang 0.1-3 108.75 OK
r-devel-linux-x86_64-fedora-gcc 0.1-3 99.04 OK
r-devel-windows-ix86+x86_64 0.1-3 29.00 118.00 147.00 OK
r-patched-linux-x86_64 0.1-3 10.64 69.67 80.31 OK
r-patched-solaris-x86 0.1-3 127.10 OK
r-release-linux-x86_64 0.1-3 11.68 69.05 80.73 OK
r-release-macos-x86_64 0.1-3 NOTE
r-release-windows-ix86+x86_64 0.1-3 32.00 89.00 121.00 OK
r-oldrel-macos-x86_64 0.1-3 NOTE
r-oldrel-windows-ix86+x86_64 0.1-3 20.00 123.00 143.00 OK

Check Details

Version: 0.1-3
Check: package dependencies
Result: NOTE
    Package which this enhances but not available for checking: ‘pbdMPI’
Flavors: r-release-macos-x86_64, r-oldrel-macos-x86_64