CRAN Package Check Results for Package cumulocityr

Last updated on 2022-01-23 07:13:56 CET.

Flavor Version Tinstall Tcheck Ttotal Status Flags
r-devel-linux-x86_64-debian-clang 0.1.0 2.12 32.94 35.06 NOTE
r-devel-linux-x86_64-debian-gcc 0.1.0 1.93 28.19 30.12 NOTE
r-devel-linux-x86_64-fedora-clang 0.1.0 44.26 NOTE
r-devel-linux-x86_64-fedora-gcc 0.1.0 32.32 NOTE
r-devel-windows-x86_64-new-UL 0.1.0 28.00 56.00 84.00 NOTE
r-devel-windows-x86_64-new-TK 0.1.0 NOTE
r-patched-linux-x86_64 0.1.0 2.34 31.71 34.05 NOTE
r-release-linux-x86_64 0.1.0 2.18 30.98 33.16 NOTE
r-release-macos-arm64 0.1.0 NOTE
r-release-macos-x86_64 0.1.0 NOTE
r-release-windows-ix86+x86_64 0.1.0 10.00 42.00 52.00 NOTE
r-oldrel-macos-x86_64 0.1.0 OK
r-oldrel-windows-ix86+x86_64 0.1.0 6.00 41.00 47.00 OK

Check Details

Version: 0.1.0
Check: LazyData
Result: NOTE
     'LazyData' is specified without a 'data' directory
Flavors: r-devel-linux-x86_64-debian-clang, r-devel-linux-x86_64-debian-gcc, r-devel-linux-x86_64-fedora-clang, r-devel-linux-x86_64-fedora-gcc, r-devel-windows-x86_64-new-UL, r-devel-windows-x86_64-new-TK, r-patched-linux-x86_64, r-release-linux-x86_64, r-release-macos-arm64, r-release-macos-x86_64, r-release-windows-ix86+x86_64