CRAN Package Check Results for Package curl

Last updated on 2021-10-24 06:51:46 CEST.

Flavor Version Tinstall Tcheck Ttotal Status Flags
r-devel-linux-x86_64-debian-clang 4.3.2 6.46 37.18 43.64 NOTE
r-devel-linux-x86_64-debian-gcc 4.3.2 5.02 30.53 35.55 NOTE
r-devel-linux-x86_64-fedora-clang 4.3.2 63.50 NOTE
r-devel-linux-x86_64-fedora-gcc 4.3.2 53.33 NOTE
r-devel-windows-x86_64 4.3.2 50.00 167.00 217.00 NOTE
r-devel-windows-x86_64-gcc10-UCRT 4.3.2 NOTE
r-patched-linux-x86_64 4.3.2 6.32 37.37 43.69 NOTE
r-patched-solaris-x86 4.3.2 75.30 NOTE
r-release-linux-x86_64 4.3.2 5.66 37.27 42.93 NOTE
r-release-macos-arm64 4.3.2 NOTE
r-release-macos-x86_64 4.3.2 NOTE
r-release-windows-ix86+x86_64 4.3.2 73.00 244.00 317.00 NOTE
r-oldrel-macos-x86_64 4.3.2 NOTE
r-oldrel-windows-ix86+x86_64 4.3.2 97.00 280.00 377.00 NOTE

Check Details

Version: 4.3.2
Check: compiled code
Result: NOTE
    File 'curl/libs/curl.so':
     Found non-API call to R: 'R_new_custom_connection'
    
    Compiled code should not call non-API entry points in R.
    
    See 'Writing portable packages' in the 'Writing R Extensions' manual.
Flavors: r-devel-linux-x86_64-debian-clang, r-devel-linux-x86_64-debian-gcc, r-devel-linux-x86_64-fedora-clang, r-devel-linux-x86_64-fedora-gcc, r-patched-linux-x86_64, r-patched-solaris-x86, r-release-linux-x86_64, r-release-macos-arm64, r-release-macos-x86_64, r-oldrel-macos-x86_64

Version: 4.3.2
Check: installed package size
Result: NOTE
     installed size is 5.9Mb
     sub-directories of 1Mb or more:
     doc 2.1Mb
     libs 3.6Mb
Flavors: r-devel-windows-x86_64, r-release-windows-ix86+x86_64, r-oldrel-windows-ix86+x86_64

Version: 4.3.2
Check: compiled code
Result: NOTE
    File 'curl/libs/x64/curl.dll':
     Found non-API call to R: 'R_new_custom_connection'
    
    Compiled code should not call non-API entry points in R.
    
    See 'Writing portable packages' in the 'Writing R Extensions' manual.
Flavors: r-devel-windows-x86_64, r-devel-windows-x86_64-gcc10-UCRT

Version: 4.3.2
Check: compiled code
Result: NOTE
    File 'curl/libs/i386/curl.dll':
     Found non-API call to R: 'R_new_custom_connection'
    File 'curl/libs/x64/curl.dll':
     Found non-API call to R: 'R_new_custom_connection'
    
    Compiled code should not call non-API entry points in R.
    
    See 'Writing portable packages' in the 'Writing R Extensions' manual.
Flavors: r-release-windows-ix86+x86_64, r-oldrel-windows-ix86+x86_64