CRAN Package Check Results for Package currr

Last updated on 2024-06-13 06:57:58 CEST.

Flavor Version Tinstall Tcheck Ttotal Status Flags
r-devel-linux-x86_64-debian-clang 0.1.2 3.51 33.65 37.16 OK
r-devel-linux-x86_64-debian-gcc 0.1.2 0.36 1.53 1.89 ERROR
r-devel-linux-x86_64-fedora-clang 0.1.2 45.83 OK
r-devel-linux-x86_64-fedora-gcc 0.1.2 41.64 OK
r-devel-windows-x86_64 0.1.2 4.00 47.00 51.00 OK
r-patched-linux-x86_64 0.1.2 2.92 32.72 35.64 OK
r-release-linux-x86_64 0.1.2 1.92 33.49 35.41 OK
r-release-macos-arm64 0.1.2 18.00 OK
r-release-macos-x86_64 0.1.2 26.00 OK
r-release-windows-x86_64 0.1.2 5.00 49.00 54.00 OK
r-oldrel-macos-arm64 0.1.2 21.00 OK
r-oldrel-macos-x86_64 0.1.2 27.00 OK
r-oldrel-windows-x86_64 0.1.2 5.00 54.00 59.00 OK

Check Details

Version: 0.1.2
Check: package dependencies
Result: ERROR Packages required but not available: 'dplyr', 'tidyr', 'readr', 'stringr', 'broom', 'tibble', 'purrr' See section ‘The DESCRIPTION file’ in the ‘Writing R Extensions’ manual. Flavor: r-devel-linux-x86_64-debian-gcc