Last updated on 2023-02-02 06:54:47 CET.
Flavor | Version | Tinstall | Tcheck | Ttotal | Status | Flags |
---|---|---|---|---|---|---|
r-devel-linux-x86_64-debian-clang | 0.1.0.9 | 67.00 | 35.17 | 102.17 | NOTE | |
r-devel-linux-x86_64-debian-gcc | 0.1.0.9 | 47.19 | 27.37 | 74.56 | NOTE | |
r-devel-linux-x86_64-fedora-clang | 0.1.0.9 | 140.30 | NOTE | |||
r-devel-linux-x86_64-fedora-gcc | 0.1.0.9 | 132.71 | NOTE | |||
r-patched-linux-x86_64 | 0.1.0.9 | 54.40 | 35.16 | 89.56 | OK | |
r-release-linux-x86_64 | 0.1.0.9 | 53.79 | 34.59 | 88.38 | OK | |
r-release-macos-arm64 | 0.1.0.9 | 37.00 | OK | |||
r-release-macos-x86_64 | 0.1.0.9 | 46.00 | OK | |||
r-release-windows-x86_64 | 0.1.0.9 | 64.00 | 89.00 | 153.00 | OK | |
r-oldrel-macos-arm64 | 0.1.0.9 | 43.00 | OK | |||
r-oldrel-macos-x86_64 | 0.1.0.9 | 66.00 | OK | |||
r-oldrel-windows-ix86+x86_64 | 0.1.0.9 | 152.00 | 94.00 | 246.00 | OK |
Version: 0.1.0.9
Check: C++ specification
Result: NOTE
Specified C++11: please update to current default of C++17
Flavors: r-devel-linux-x86_64-debian-clang, r-devel-linux-x86_64-debian-gcc, r-devel-linux-x86_64-fedora-clang, r-devel-linux-x86_64-fedora-gcc