CRAN Package Check Results for Package cutpointr

Last updated on 2023-03-26 06:53:21 CEST.

Flavor Version Tinstall Tcheck Ttotal Status Flags
r-devel-linux-x86_64-debian-clang 1.1.2 61.08 387.35 448.43 NOTE
r-devel-linux-x86_64-debian-gcc 1.1.2 42.55 285.70 328.25 NOTE
r-devel-linux-x86_64-fedora-gcc 1.1.2 596.30 NOTE
r-patched-linux-x86_64 1.1.2 46.39 361.54 407.93 NOTE
r-release-linux-x86_64 1.1.2 43.31 360.39 403.70 OK
r-release-macos-arm64 1.1.2 181.00 OK
r-release-macos-x86_64 1.1.2 236.00 OK
r-release-windows-x86_64 1.1.2 100.00 561.00 661.00 OK
r-oldrel-macos-arm64 1.1.2 146.00 OK
r-oldrel-macos-x86_64 1.1.2 215.00 OK
r-oldrel-windows-ix86+x86_64 1.1.2 127.00 775.00 902.00 OK

Check Details

Version: 1.1.2
Check: package subdirectories
Result: NOTE
    Problems with news in ‘NEWS.md’:
     Cannot extract version info from the following section titles:
     Misc
Flavors: r-devel-linux-x86_64-debian-clang, r-devel-linux-x86_64-debian-gcc, r-devel-linux-x86_64-fedora-gcc, r-patched-linux-x86_64

Version: 1.1.2
Check: Rd files
Result: NOTE
    checkRd: (-1) abs_d_ppv_npv.Rd:27: Escaped LaTeX specials: \_ \_ \_
Flavors: r-devel-linux-x86_64-debian-clang, r-devel-linux-x86_64-debian-gcc, r-devel-linux-x86_64-fedora-gcc, r-patched-linux-x86_64