CRAN Package Check Results for Package cvCovEst

Last updated on 2022-01-18 06:52:42 CET.

Flavor Version Tinstall Tcheck Ttotal Status Flags
r-devel-linux-x86_64-debian-clang 1.0.1 12.90 200.21 213.11 OK
r-devel-linux-x86_64-debian-gcc 1.0.1 12.65 142.42 155.07 OK
r-devel-linux-x86_64-fedora-clang 1.0.1 230.34 OK
r-devel-linux-x86_64-fedora-gcc 1.0.1 209.59 OK
r-devel-windows-x86_64-new-UL 1.0.1 74.00 197.00 271.00 OK
r-devel-windows-x86_64-new-TK 1.0.1 ERROR
r-patched-linux-x86_64 1.0.1 14.48 169.95 184.43 OK
r-release-linux-x86_64 1.0.1 OK
r-release-macos-arm64 1.0.1 OK
r-release-macos-x86_64 1.0.1 OK
r-release-windows-ix86+x86_64 1.0.1 32.00 187.00 219.00 OK
r-oldrel-macos-x86_64 1.0.1 OK
r-oldrel-windows-ix86+x86_64 1.0.1 32.00 194.00 226.00 OK

Check Details

Version: 1.0.1
Check: package dependencies
Result: ERROR
    Package required but not available: 'ggpubr'
    
    See section 'The DESCRIPTION file' in the 'Writing R Extensions'
    manual.
Flavor: r-devel-windows-x86_64-new-TK