CRAN Package Check Results for Package cvGEE

Last updated on 2020-08-13 06:47:24 CEST.

Flavor Version Tinstall Tcheck Ttotal Status Flags
r-devel-linux-x86_64-debian-clang 0.3-0 2.06 21.18 23.24 ERROR
r-devel-linux-x86_64-debian-gcc 0.3-0 1.66 50.92 52.58 OK
r-devel-linux-x86_64-fedora-clang 0.3-0 90.49 OK
r-devel-linux-x86_64-fedora-gcc 0.3-0 79.44 OK
r-devel-windows-ix86+x86_64 0.3-0 7.00 117.00 124.00 OK
r-patched-linux-x86_64 0.3-0 2.12 63.95 66.07 OK
r-patched-solaris-x86 0.3-0 176.40 OK
r-release-linux-x86_64 0.3-0 2.19 20.79 22.98 ERROR
r-release-macos-x86_64 0.3-0 OK
r-release-windows-ix86+x86_64 0.3-0 8.00 115.00 123.00 OK
r-oldrel-macos-x86_64 0.3-0 OK
r-oldrel-windows-ix86+x86_64 0.3-0 4.00 86.00 90.00 OK

Check Details

Version: 0.3-0
Check: package dependencies
Result: NOTE
    Package suggested but not available for checking: 'geepack'
Flavors: r-devel-linux-x86_64-debian-clang, r-release-linux-x86_64

Version: 0.3-0
Check: examples
Result: ERROR
    Running examples in 'cvGEE-Ex.R' failed
    The error most likely occurred in:
    
    > base::assign(".ptime", proc.time(), pos = "CheckExEnv")
    > ### Name: cv_gee
    > ### Title: Proper Scoring Rules for Generalized Estimating Equations
    > ### Aliases: cv_gee
    >
    > ### ** Examples
    >
    > library("geepack")
    Error in library("geepack") : there is no package called 'geepack'
    Execution halted
Flavors: r-devel-linux-x86_64-debian-clang, r-release-linux-x86_64

Version: 0.3-0
Check: re-building of vignette outputs
Result: WARN
    Error(s) in re-building vignettes:
     ...
    --- re-building 'Scoring_Rules_GEE.Rmd' using rmarkdown
    Quitting from lines 15-23 (Scoring_Rules_GEE.Rmd)
    Error: processing vignette 'Scoring_Rules_GEE.Rmd' failed with diagnostics:
    there is no package called 'geepack'
    --- failed re-building 'Scoring_Rules_GEE.Rmd'
    
    SUMMARY: processing the following file failed:
     'Scoring_Rules_GEE.Rmd'
    
    Error: Vignette re-building failed.
    Execution halted
Flavors: r-devel-linux-x86_64-debian-clang, r-release-linux-x86_64