CRAN Package Check Results for Package cyclomort

Last updated on 2022-10-03 07:49:54 CEST.

Flavor Version Tinstall Tcheck Ttotal Status Flags
r-devel-linux-x86_64-debian-clang 1.0.2 13.98 226.20 240.18 NOTE
r-devel-linux-x86_64-debian-gcc 1.0.2 10.34 165.28 175.62 NOTE
r-devel-linux-x86_64-fedora-clang 1.0.2 304.63 NOTE
r-devel-linux-x86_64-fedora-gcc 1.0.2 297.85 NOTE
r-devel-windows-x86_64 1.0.2 24.00 245.00 269.00 NOTE
r-patched-linux-x86_64 1.0.2 12.91 210.21 223.12 OK
r-release-linux-x86_64 1.0.2 10.81 209.86 220.67 OK
r-release-macos-arm64 1.0.2 75.00 OK
r-release-macos-x86_64 1.0.2 163.00 OK
r-release-windows-x86_64 1.0.2 25.00 241.00 266.00 OK
r-oldrel-macos-arm64 1.0.2 112.00 OK
r-oldrel-macos-x86_64 1.0.2 173.00 OK
r-oldrel-windows-ix86+x86_64 1.0.2 30.00 250.00 280.00 OK

Check Details

Version: 1.0.2
Check: package subdirectories
Result: NOTE
    Problems with news in 'NEWS.md':
    No news entries found.
Flavors: r-devel-linux-x86_64-debian-clang, r-devel-linux-x86_64-debian-gcc, r-devel-linux-x86_64-fedora-clang, r-devel-linux-x86_64-fedora-gcc, r-devel-windows-x86_64