CRAN Package Check Results for Package dMod

Last updated on 2020-08-14 06:48:52 CEST.

Flavor Version Tinstall Tcheck Ttotal Status Flags
r-devel-linux-x86_64-debian-clang 1.0.1 14.45 170.21 184.66 NOTE
r-devel-linux-x86_64-debian-gcc 1.0.1 11.69 123.54 135.23 NOTE
r-devel-linux-x86_64-fedora-clang 1.0.1 215.42 NOTE
r-devel-linux-x86_64-fedora-gcc 1.0.1 206.44 NOTE
r-devel-windows-ix86+x86_64 1.0.1 44.00 221.00 265.00 NOTE
r-patched-linux-x86_64 1.0.1 14.93 163.17 178.10 NOTE
r-patched-solaris-x86 1.0.1 282.70 NOTE
r-release-linux-x86_64 1.0.1 13.07 163.71 176.78 NOTE
r-release-macos-x86_64 1.0.1 NOTE
r-release-windows-ix86+x86_64 1.0.1 36.00 237.00 273.00 NOTE
r-oldrel-macos-x86_64 1.0.1 OK
r-oldrel-windows-ix86+x86_64 1.0.1 20.00 174.00 194.00 NOTE

Check Details

Version: 1.0.1
Check: package dependencies
Result: NOTE
    Package suggested but not available for checking: 'rPython'
Flavors: r-devel-linux-x86_64-debian-clang, r-devel-linux-x86_64-debian-gcc, r-devel-linux-x86_64-fedora-clang, r-devel-linux-x86_64-fedora-gcc, r-devel-windows-ix86+x86_64, r-patched-linux-x86_64, r-patched-solaris-x86, r-release-linux-x86_64, r-release-macos-x86_64, r-release-windows-ix86+x86_64, r-oldrel-windows-ix86+x86_64