Last updated on 2023-03-30 06:53:12 CEST.
Flavor | Version | Tinstall | Tcheck | Ttotal | Status | Flags |
---|---|---|---|---|---|---|
r-devel-linux-x86_64-debian-clang | 0.1.0 | 6.91 | 87.91 | 94.82 | OK | |
r-devel-linux-x86_64-debian-gcc | 0.1.0 | 4.93 | 67.62 | 72.55 | OK | |
r-devel-linux-x86_64-fedora-clang | 0.1.0 | 118.98 | NOTE | |||
r-devel-linux-x86_64-fedora-gcc | 0.1.0 | 112.36 | NOTE | |||
r-devel-windows-x86_64 | 0.1.0 | 58.00 | 123.00 | 181.00 | OK | |
r-patched-linux-x86_64 | 0.1.0 | 7.43 | 81.54 | 88.97 | OK | |
r-release-linux-x86_64 | 0.1.0 | 5.89 | 101.17 | 107.06 | OK | |
r-release-macos-arm64 | 0.1.0 | 51.00 | NOTE | |||
r-release-macos-x86_64 | 0.1.0 | 96.00 | NOTE | |||
r-release-windows-x86_64 | 0.1.0 | 55.00 | 146.00 | 201.00 | OK | |
r-oldrel-macos-arm64 | 0.1.0 | 57.00 | NOTE | |||
r-oldrel-macos-x86_64 | 0.1.0 | 61.00 | NOTE | |||
r-oldrel-windows-ix86+x86_64 | 0.1.0 | 16.00 | 141.00 | 157.00 | OK |
Version: 0.1.0
Check: data for non-ASCII characters
Result: NOTE
Note: found 109157 marked UTF-8 strings
Flavors: r-devel-linux-x86_64-fedora-clang, r-devel-linux-x86_64-fedora-gcc, r-release-macos-arm64, r-release-macos-x86_64, r-oldrel-macos-arm64, r-oldrel-macos-x86_64