CRAN Package Check Results for Package dartR.popgen

Last updated on 2024-04-18 06:57:36 CEST.

Flavor Version Tinstall Tcheck Ttotal Status Flags
r-devel-linux-x86_64-debian-clang 0.32 19.94 200.62 220.56 OK
r-devel-linux-x86_64-debian-gcc 0.32 16.73 145.15 161.88 OK
r-devel-linux-x86_64-fedora-clang 0.32 284.16 OK
r-devel-linux-x86_64-fedora-gcc 0.32 271.60 OK
r-prerel-macos-arm64 0.32 69.00 OK
r-prerel-macos-x86_64 0.32 126.00 NOTE
r-prerel-windows-x86_64 0.32 19.00 148.00 167.00 OK
r-patched-linux-x86_64 0.32 22.60 187.02 209.62 OK
r-release-linux-x86_64 0.32 14.11 194.64 208.75 OK
r-release-macos-arm64 0.32 75.00 NOTE
r-release-macos-x86_64 0.32 276.00 OK
r-release-windows-x86_64 0.32 28.00 184.00 212.00 OK
r-oldrel-macos-arm64 0.32 79.00 OK
r-oldrel-windows-x86_64 0.32 24.00 195.00 219.00 OK

Check Details

Version: 0.32
Check: package dependencies
Result: NOTE Package suggested but not available for checking: ‘snpStats’ Flavors: r-prerel-macos-x86_64, r-release-macos-arm64

Version: 0.32
Check: Rd cross-references
Result: NOTE Package unavailable to check Rd xrefs: ‘snpStats’ Flavors: r-prerel-macos-x86_64, r-release-macos-arm64