CRAN Package Check Results for Package dataMaid

Last updated on 2020-09-22 06:47:21 CEST.

Flavor Version Tinstall Tcheck Ttotal Status Flags
r-devel-linux-x86_64-debian-clang 1.4.0 8.86 74.69 83.55 OK
r-devel-linux-x86_64-debian-gcc 1.4.0 0.47 2.81 3.28 ERROR
r-devel-linux-x86_64-fedora-clang 1.4.0 109.86 OK
r-devel-linux-x86_64-fedora-gcc 1.4.0 99.82 OK
r-devel-windows-ix86+x86_64 1.4.0 20.00 82.00 102.00 OK
r-patched-linux-x86_64 1.4.0 7.29 71.90 79.19 OK
r-patched-solaris-x86 1.4.0 137.40 OK
r-release-linux-x86_64 1.4.0 9.26 71.56 80.82 OK
r-release-macos-x86_64 1.4.0 OK
r-release-windows-ix86+x86_64 1.4.0 19.00 110.00 129.00 OK
r-oldrel-macos-x86_64 1.4.0 OK
r-oldrel-windows-ix86+x86_64 1.4.0 11.00 97.00 108.00 OK

Check Details

Version: 1.4.0
Check: whether package can be installed
Result: ERROR
    Installation failed.
Flavor: r-devel-linux-x86_64-debian-gcc