Last updated on 2022-05-24 06:50:38 CEST.
Flavor | Version | Tinstall | Tcheck | Ttotal | Status | Flags |
---|---|---|---|---|---|---|
r-devel-linux-x86_64-debian-clang | 0.1.1 | 2.50 | 38.79 | 41.29 | NOTE | |
r-devel-linux-x86_64-debian-gcc | 0.1.1 | 1.39 | 29.49 | 30.88 | NOTE | |
r-devel-linux-x86_64-fedora-clang | 0.1.1 | 48.42 | NOTE | |||
r-devel-linux-x86_64-fedora-gcc | 0.1.1 | 47.10 | NOTE | |||
r-devel-windows-x86_64 | 0.1.1 | 14.00 | 60.00 | 74.00 | OK | |
r-patched-linux-x86_64 | 0.1.1 | 1.71 | 36.90 | 38.61 | NOTE | |
r-release-linux-x86_64 | 0.1.1 | NOTE | ||||
r-release-macos-arm64 | 0.1.1 | 18.00 | OK | |||
r-release-macos-x86_64 | 0.1.1 | 29.00 | OK | |||
r-release-windows-x86_64 | 0.1.1 | 14.00 | 67.00 | 81.00 | OK | |
r-oldrel-macos-arm64 | 0.1.1 | 23.00 | OK | |||
r-oldrel-macos-x86_64 | 0.1.1 | 32.00 | OK | |||
r-oldrel-windows-ix86+x86_64 | 0.1.1 | 6.00 | 45.00 | 51.00 | OK |
Version: 0.1.1
Check: for non-standard things in the check directory
Result: NOTE
Found the following files/directories:
'my new data set.rds'
Flavors: r-devel-linux-x86_64-debian-clang, r-devel-linux-x86_64-debian-gcc, r-devel-linux-x86_64-fedora-clang, r-devel-linux-x86_64-fedora-gcc, r-patched-linux-x86_64, r-release-linux-x86_64