CRAN Package Check Results for Package datacleanr

Last updated on 2023-06-02 06:53:42 CEST.

Flavor Version Tinstall Tcheck Ttotal Status Flags
r-devel-linux-x86_64-debian-clang 1.0.3 5.89 49.51 55.40 OK
r-devel-linux-x86_64-debian-gcc 1.0.3 4.18 37.96 42.14 OK
r-devel-linux-x86_64-fedora-clang 1.0.3 69.14 NOTE
r-devel-linux-x86_64-fedora-gcc 1.0.3 65.57 NOTE
r-devel-windows-x86_64 1.0.3 8.00 61.00 69.00 OK
r-patched-linux-x86_64 1.0.3 OK
r-release-linux-x86_64 1.0.3 5.44 47.38 52.82 OK
r-release-macos-arm64 1.0.3 24.00 OK
r-release-macos-x86_64 1.0.3 41.00 OK
r-release-windows-x86_64 1.0.3 9.00 67.00 76.00 OK
r-oldrel-macos-arm64 1.0.3 24.00 NOTE
r-oldrel-macos-x86_64 1.0.3 40.00 NOTE
r-oldrel-windows-x86_64 1.0.3 9.00 66.00 75.00 OK

Check Details

Version: 1.0.3
Check: dependencies in R code
Result: NOTE
    Namespace in Imports field not imported from: ‘htmltools’
     All declared Imports should be used.
Flavors: r-devel-linux-x86_64-fedora-clang, r-devel-linux-x86_64-fedora-gcc, r-oldrel-macos-arm64, r-oldrel-macos-x86_64