CRAN Package Check Results for Package datapasta

Last updated on 2022-01-20 06:49:17 CET.

Flavor Version Tinstall Tcheck Ttotal Status Flags
r-devel-linux-x86_64-debian-clang 3.1.0 NOTE
r-devel-linux-x86_64-debian-gcc 3.1.0 2.62 31.25 33.87 NOTE
r-devel-linux-x86_64-fedora-clang 3.1.0 52.69 NOTE
r-devel-linux-x86_64-fedora-gcc 3.1.0 41.42 NOTE
r-devel-windows-x86_64-new-UL 3.1.0 198.00 81.00 279.00 NOTE
r-devel-windows-x86_64-new-TK 3.1.0 NOTE
r-patched-linux-x86_64 3.1.0 3.53 38.58 42.11 NOTE
r-release-linux-x86_64 3.1.0 NOTE
r-release-macos-arm64 3.1.0 NOTE
r-release-macos-x86_64 3.1.0 NOTE
r-release-windows-ix86+x86_64 3.1.0 9.00 45.00 54.00 NOTE
r-oldrel-macos-x86_64 3.1.0 OK
r-oldrel-windows-ix86+x86_64 3.1.0 8.00 47.00 55.00 OK

Check Details

Version: 3.1.0
Check: LazyData
Result: NOTE
     'LazyData' is specified without a 'data' directory
Flavors: r-devel-linux-x86_64-debian-clang, r-devel-linux-x86_64-debian-gcc, r-devel-linux-x86_64-fedora-clang, r-devel-linux-x86_64-fedora-gcc, r-devel-windows-x86_64-new-UL, r-devel-windows-x86_64-new-TK, r-patched-linux-x86_64, r-release-linux-x86_64, r-release-macos-arm64, r-release-macos-x86_64, r-release-windows-ix86+x86_64