CRAN Package Check Results for Package datos

Last updated on 2020-09-27 06:46:31 CEST.

Flavor Version Tinstall Tcheck Ttotal Status Flags
r-devel-linux-x86_64-debian-clang 0.3.0 5.30 72.93 78.23 OK
r-devel-linux-x86_64-debian-gcc 0.3.0 3.92 56.18 60.10 OK
r-devel-linux-x86_64-fedora-clang 0.3.0 103.63 NOTE
r-devel-linux-x86_64-fedora-gcc 0.3.0 90.23 NOTE
r-devel-windows-ix86+x86_64 0.3.0 14.00 94.00 108.00 OK
r-patched-linux-x86_64 0.3.0 5.31 68.30 73.61 OK
r-patched-solaris-x86 0.3.0 142.80 NOTE
r-release-linux-x86_64 0.3.0 5.57 68.11 73.68 OK
r-release-macos-x86_64 0.3.0 NOTE
r-release-windows-ix86+x86_64 0.3.0 23.00 99.00 122.00 OK
r-oldrel-macos-x86_64 0.3.0 NOTE
r-oldrel-windows-ix86+x86_64 0.3.0 10.00 95.00 105.00 OK

Check Details

Version: 0.3.0
Check: data for non-ASCII characters
Result: NOTE
     Note: found 54313 marked UTF-8 strings
Flavors: r-devel-linux-x86_64-fedora-clang, r-devel-linux-x86_64-fedora-gcc, r-patched-solaris-x86, r-release-macos-x86_64

Version: 0.3.0
Check: data for non-ASCII characters
Result: NOTE
     Note: found 54136 marked UTF-8 strings
Flavor: r-oldrel-macos-x86_64