Last updated on 2023-03-27 06:50:04 CEST.
Flavor | Version | Tinstall | Tcheck | Ttotal | Status | Flags |
---|---|---|---|---|---|---|
r-devel-linux-x86_64-debian-clang | 1.0.0 | 2.31 | 102.99 | 105.30 | OK | |
r-devel-linux-x86_64-debian-gcc | 1.0.0 | 2.08 | 81.32 | 83.40 | OK | |
r-devel-linux-x86_64-fedora-clang | 1.0.0 | 130.52 | NOTE | |||
r-devel-linux-x86_64-fedora-gcc | 1.0.0 | 135.79 | NOTE | |||
r-patched-linux-x86_64 | 1.0.0 | 2.52 | 97.51 | 100.03 | OK | |
r-release-linux-x86_64 | 1.0.0 | 2.33 | 102.62 | 104.95 | OK | |
r-release-macos-arm64 | 1.0.0 | 52.00 | NOTE | |||
r-release-macos-x86_64 | 1.0.0 | 83.00 | NOTE | |||
r-release-windows-x86_64 | 1.0.0 | 25.00 | 173.00 | 198.00 | OK | |
r-oldrel-macos-arm64 | 1.0.0 | 55.00 | NOTE | |||
r-oldrel-macos-x86_64 | 1.0.0 | 125.00 | NOTE | |||
r-oldrel-windows-ix86+x86_64 | 1.0.0 | 7.00 | 147.00 | 154.00 | OK |
Version: 1.0.0
Check: data for non-ASCII characters
Result: NOTE
Note: found 1 marked Latin-1 string
Note: found 360 marked UTF-8 strings
Flavors: r-devel-linux-x86_64-fedora-clang, r-devel-linux-x86_64-fedora-gcc, r-release-macos-arm64, r-release-macos-x86_64, r-oldrel-macos-arm64, r-oldrel-macos-x86_64