CRAN Package Check Results for Package dbMC

Last updated on 2023-03-25 05:50:29 CET.

Flavor Version Tinstall Tcheck Ttotal Status Flags
r-devel-linux-x86_64-debian-clang 1.0.0 3.80 27.13 30.93 OK
r-devel-linux-x86_64-debian-gcc 1.0.0 3.45 21.31 24.76 OK
r-devel-linux-x86_64-fedora-clang 1.0.0 40.36 NOTE
r-devel-linux-x86_64-fedora-gcc 1.0.0 48.94 NOTE
r-patched-linux-x86_64 1.0.0 3.96 28.29 32.25 OK
r-release-linux-x86_64 1.0.0 3.32 27.91 31.23 OK
r-release-macos-arm64 1.0.0 17.00 NOTE
r-release-macos-x86_64 1.0.0 24.00 NOTE
r-release-windows-x86_64 1.0.0 10.00 58.00 68.00 OK
r-oldrel-macos-arm64 1.0.0 23.00 NOTE
r-oldrel-macos-x86_64 1.0.0 26.00 NOTE
r-oldrel-windows-ix86+x86_64 1.0.0 8.00 52.00 60.00 OK

Check Details

Version: 1.0.0
Check: dependencies in R code
Result: NOTE
    Namespace in Imports field not imported from: ‘softImpute’
     All declared Imports should be used.
Flavors: r-devel-linux-x86_64-fedora-clang, r-devel-linux-x86_64-fedora-gcc, r-release-macos-arm64, r-release-macos-x86_64, r-oldrel-macos-arm64, r-oldrel-macos-x86_64