CRAN Package Check Results for Package dbplyr

Last updated on 2020-11-28 06:49:20 CET.

Flavor Version Tinstall Tcheck Ttotal Status Flags
r-devel-linux-x86_64-debian-clang 2.0.0 20.08 132.90 152.98 OK
r-devel-linux-x86_64-debian-gcc 2.0.0 13.49 99.72 113.21 OK
r-devel-linux-x86_64-fedora-clang 2.0.0 183.11 OK
r-devel-linux-x86_64-fedora-gcc 2.0.0 175.03 OK
r-devel-windows-ix86+x86_64 2.0.0 27.00 152.00 179.00 OK
r-patched-linux-x86_64 2.0.0 18.24 126.29 144.53 OK
r-patched-solaris-x86 2.0.0 218.90 NOTE
r-release-linux-x86_64 2.0.0 14.28 126.72 141.00 OK
r-release-macos-x86_64 2.0.0 OK
r-release-windows-ix86+x86_64 2.0.0 21.00 121.00 142.00 OK
r-oldrel-macos-x86_64 2.0.0 OK
r-oldrel-windows-ix86+x86_64 2.0.0 22.00 168.00 190.00 OK

Check Details

Version: 2.0.0
Check: package dependencies
Result: NOTE
    Package suggested but not available for checking: ‘RPostgres’
Flavor: r-patched-solaris-x86