CRAN Package Check Results for Package dbscan

Last updated on 2020-09-30 06:51:10 CEST.

Flavor Version Tinstall Tcheck Ttotal Status Flags
r-devel-linux-x86_64-debian-clang 1.1-5 144.39 95.50 239.89 OK
r-devel-linux-x86_64-debian-gcc 1.1-5 102.28 71.83 174.11 OK
r-devel-linux-x86_64-fedora-clang 1.1-5 341.77 NOTE
r-devel-linux-x86_64-fedora-gcc 1.1-5 309.89 OK
r-devel-windows-ix86+x86_64 1.1-5 322.00 199.00 521.00 OK
r-patched-linux-x86_64 1.1-5 127.59 90.61 218.20 OK
r-patched-solaris-x86 1.1-5 302.40 OK
r-release-linux-x86_64 1.1-5 131.26 90.83 222.09 OK
r-release-macos-x86_64 1.1-5 NOTE
r-release-windows-ix86+x86_64 1.1-5 303.00 206.00 509.00 OK
r-oldrel-macos-x86_64 1.1-5 NOTE
r-oldrel-windows-ix86+x86_64 1.1-5 296.00 186.00 482.00 OK

Check Details

Version: 1.1-5
Check: installed package size
Result: NOTE
     installed size is 9.5Mb
     sub-directories of 1Mb or more:
     libs 8.2Mb
Flavors: r-devel-linux-x86_64-fedora-clang, r-release-macos-x86_64, r-oldrel-macos-x86_64