Last updated on 2021-01-18 06:46:31 CET.
Flavor | Version | Tinstall | Tcheck | Ttotal | Status | Flags |
---|---|---|---|---|---|---|
r-devel-linux-x86_64-debian-clang | 1.1-5 | 147.06 | 99.29 | 246.35 | OK | |
r-devel-linux-x86_64-debian-gcc | 1.1-5 | 92.59 | 75.00 | 167.59 | OK | |
r-devel-linux-x86_64-fedora-clang | 1.1-5 | 348.74 | NOTE | |||
r-devel-linux-x86_64-fedora-gcc | 1.1-5 | 312.87 | OK | |||
r-devel-windows-ix86+x86_64 | 1.1-5 | 271.00 | 168.00 | 439.00 | OK | |
r-patched-linux-x86_64 | 1.1-5 | 110.82 | 93.98 | 204.80 | OK | |
r-patched-solaris-x86 | 1.1-5 | 306.90 | OK | |||
r-release-linux-x86_64 | 1.1-5 | 108.95 | 93.62 | 202.57 | OK | |
r-release-macos-x86_64 | 1.1-5 | NOTE | ||||
r-release-windows-ix86+x86_64 | 1.1-5 | 261.00 | 165.00 | 426.00 | OK | |
r-oldrel-macos-x86_64 | 1.1-5 | NOTE | ||||
r-oldrel-windows-ix86+x86_64 | 1.1-5 | 292.00 | 148.00 | 440.00 | OK |
Version: 1.1-5
Check: installed package size
Result: NOTE
installed size is 9.2Mb
sub-directories of 1Mb or more:
libs 8.0Mb
Flavors: r-devel-linux-x86_64-fedora-clang, r-release-macos-x86_64, r-oldrel-macos-x86_64