CRAN Package Check Results for Package dbx

Last updated on 2021-01-16 06:51:04 CET.

Flavor Version Tinstall Tcheck Ttotal Status Flags
r-devel-linux-x86_64-debian-clang 0.2.7 2.64 29.15 31.79 OK
r-devel-linux-x86_64-debian-gcc 0.2.7 2.02 22.95 24.97 ERROR
r-devel-linux-x86_64-fedora-clang 0.2.7 50.12 ERROR
r-devel-linux-x86_64-fedora-gcc 0.2.7 39.74 ERROR
r-devel-windows-ix86+x86_64 0.2.7 5.00 38.00 43.00 OK
r-patched-linux-x86_64 0.2.7 2.11 27.78 29.89 OK
r-patched-solaris-x86 0.2.7 56.00 ERROR
r-release-linux-x86_64 0.2.7 2.66 27.82 30.48 ERROR
r-release-macos-x86_64 0.2.7 OK
r-release-windows-ix86+x86_64 0.2.7 6.00 36.00 42.00 OK
r-oldrel-macos-x86_64 0.2.7 OK
r-oldrel-windows-ix86+x86_64 0.2.7 4.00 42.00 46.00 OK

Check Details

Version: 0.2.7
Check: tests
Result: ERROR
     Running ‘testthat.R’ [3s/4s]
    Running the tests in ‘tests/testthat.R’ failed.
    Complete output:
     > library(testthat)
     > library(dbx)
     >
     > test_check("dbx")
     ══ Skipped tests ═══════════════════════════════════════════════════════════════
     ● !isPostgres(db) is TRUE (3)
     ● !isPostgres(db) || redshift is TRUE (2)
     ● On CRAN (4)
     ● isSQLite(db) is TRUE (1)
     ● isSQLite(db) || isSQLServer(db) is TRUE (1)
     ● odbc (3)
     ● redshift (1)
    
     ══ Failed tests ════════════════════════════════════════════════════════════════
     ── Failure (helper-run-data-type-tests.R:331:5): difftime works ────────────────
     res$city not equal to as.character(events$city).
     2/2 mismatches
     x[1]: "12:30:55"
     y[1]: "12.5152777777778"
    
     x[2]: "16:59:59"
     y[2]: "16.9997222222222"
    
     [ FAIL 1 | WARN 0 | SKIP 15 | PASS 86 ]
     Error: Test failures
     Execution halted
Flavor: r-devel-linux-x86_64-debian-gcc

Version: 0.2.7
Check: tests
Result: ERROR
     Running ‘testthat.R’ [5s/12s]
    Running the tests in ‘tests/testthat.R’ failed.
    Complete output:
     > library(testthat)
     > library(dbx)
     >
     > test_check("dbx")
     ══ Skipped tests ═══════════════════════════════════════════════════════════════
     ● !isPostgres(db) is TRUE (3)
     ● !isPostgres(db) || redshift is TRUE (2)
     ● On CRAN (4)
     ● isSQLite(db) is TRUE (1)
     ● isSQLite(db) || isSQLServer(db) is TRUE (1)
     ● odbc (3)
     ● redshift (1)
    
     ══ Failed tests ════════════════════════════════════════════════════════════════
     ── Failure (helper-run-data-type-tests.R:331:5): difftime works ────────────────
     res$city not equal to as.character(events$city).
     2/2 mismatches
     x[1]: "12:30:55"
     y[1]: "12.5152777777778"
    
     x[2]: "16:59:59"
     y[2]: "16.9997222222222"
    
     [ FAIL 1 | WARN 0 | SKIP 15 | PASS 86 ]
     Error: Test failures
     Execution halted
Flavor: r-devel-linux-x86_64-fedora-clang

Version: 0.2.7
Check: tests
Result: ERROR
     Running ‘testthat.R’ [4s/12s]
    Running the tests in ‘tests/testthat.R’ failed.
    Complete output:
     > library(testthat)
     > library(dbx)
     >
     > test_check("dbx")
     ══ Skipped tests ═══════════════════════════════════════════════════════════════
     ● !isPostgres(db) is TRUE (3)
     ● !isPostgres(db) || redshift is TRUE (2)
     ● On CRAN (4)
     ● isSQLite(db) is TRUE (1)
     ● isSQLite(db) || isSQLServer(db) is TRUE (1)
     ● odbc (3)
     ● redshift (1)
    
     ══ Failed tests ════════════════════════════════════════════════════════════════
     ── Failure (helper-run-data-type-tests.R:331:5): difftime works ────────────────
     res$city not equal to as.character(events$city).
     2/2 mismatches
     x[1]: "12:30:55"
     y[1]: "12.5152777777778"
    
     x[2]: "16:59:59"
     y[2]: "16.9997222222222"
    
     [ FAIL 1 | WARN 0 | SKIP 15 | PASS 86 ]
     Error: Test failures
     Execution halted
Flavor: r-devel-linux-x86_64-fedora-gcc

Version: 0.2.7
Check: package dependencies
Result: NOTE
    Package suggested but not available for checking: ‘RPostgres’
Flavor: r-patched-solaris-x86

Version: 0.2.7
Check: tests
Result: ERROR
     Running ‘testthat.R’
    Running the tests in ‘tests/testthat.R’ failed.
    Complete output:
     > library(testthat)
     > library(dbx)
     >
     > test_check("dbx")
     ══ Skipped tests ═══════════════════════════════════════════════════════════════
     ● !isPostgres(db) is TRUE (3)
     ● !isPostgres(db) || redshift is TRUE (2)
     ● On CRAN (4)
     ● isSQLite(db) is TRUE (1)
     ● isSQLite(db) || isSQLServer(db) is TRUE (1)
     ● odbc (3)
     ● redshift (1)
    
     ══ Failed tests ════════════════════════════════════════════════════════════════
     ── Failure (helper-run-data-type-tests.R:331:5): difftime works ────────────────
     res$city not equal to as.character(events$city).
     2/2 mismatches
     x[1]: "12:30:55"
     y[1]: "12.5152777777778"
    
     x[2]: "16:59:59"
     y[2]: "16.9997222222222"
    
     [ FAIL 1 | WARN 0 | SKIP 15 | PASS 86 ]
     Error: Test failures
     Execution halted
Flavor: r-patched-solaris-x86

Version: 0.2.7
Check: tests
Result: ERROR
     Running ‘testthat.R’ [4s/4s]
    Running the tests in ‘tests/testthat.R’ failed.
    Complete output:
     > library(testthat)
     > library(dbx)
     >
     > test_check("dbx")
     ══ Skipped tests ═══════════════════════════════════════════════════════════════
     ● !isPostgres(db) is TRUE (3)
     ● !isPostgres(db) || redshift is TRUE (2)
     ● On CRAN (4)
     ● isSQLite(db) is TRUE (1)
     ● isSQLite(db) || isSQLServer(db) is TRUE (1)
     ● odbc (3)
     ● redshift (1)
    
     ══ Failed tests ════════════════════════════════════════════════════════════════
     ── Failure (helper-run-data-type-tests.R:331:5): difftime works ────────────────
     res$city not equal to as.character(events$city).
     2/2 mismatches
     x[1]: "12:30:55"
     y[1]: "12.5152777777778"
    
     x[2]: "16:59:59"
     y[2]: "16.9997222222222"
    
     [ FAIL 1 | WARN 0 | SKIP 15 | PASS 86 ]
     Error: Test failures
     Execution halted
Flavor: r-release-linux-x86_64