Last updated on 2023-03-20 05:52:07 CET.
Flavor | Version | Tinstall | Tcheck | Ttotal | Status | Flags |
---|---|---|---|---|---|---|
r-devel-linux-x86_64-debian-clang | 0.4.0 | OK | ||||
r-devel-linux-x86_64-debian-gcc | 0.4.0 | 9.32 | 189.48 | 198.80 | ERROR | |
r-devel-linux-x86_64-fedora-clang | 0.4.0 | 377.92 | OK | |||
r-devel-linux-x86_64-fedora-gcc | 0.4.0 | 384.86 | OK | |||
r-devel-windows-x86_64 | 0.4.0 | 33.00 | 291.00 | 324.00 | OK | |
r-patched-linux-x86_64 | 0.4.0 | 10.19 | 302.64 | 312.83 | OK | |
r-release-linux-x86_64 | 0.4.0 | 8.28 | 294.85 | 303.13 | OK | |
r-release-macos-arm64 | 0.4.0 | 72.00 | OK | |||
r-release-macos-x86_64 | 0.4.0 | 99.00 | OK | |||
r-release-windows-x86_64 | 0.4.0 | 26.00 | 287.00 | 313.00 | OK | |
r-oldrel-macos-arm64 | 0.4.0 | 60.00 | OK | |||
r-oldrel-macos-x86_64 | 0.4.0 | 93.00 | OK | |||
r-oldrel-windows-ix86+x86_64 | 0.4.0 | 25.00 | 305.00 | 330.00 | OK |
Version: 0.4.0
Check: re-building of vignette outputs
Result: ERROR
Error(s) in re-building vignettes:
...
--- re-building ‘dca.Rmd’ using rmarkdown
Quitting from lines 48-51 (dca.Rmd)
Error: processing vignette ‘dca.Rmd’ failed with diagnostics:
DLL requires the use of native symbols
--- failed re-building ‘dca.Rmd’
SUMMARY: processing the following file failed:
‘dca.Rmd’
Error: Vignette re-building failed.
Execution halted
Flavor: r-devel-linux-x86_64-debian-gcc