Last updated on 2023-06-03 07:03:36 CEST.
Flavor | Version | Tinstall | Tcheck | Ttotal | Status | Flags |
---|---|---|---|---|---|---|
r-devel-linux-x86_64-debian-clang | 1.2.2 | 6.04 | 41.58 | 47.62 | OK | |
r-devel-linux-x86_64-debian-gcc | 1.2.2 | 4.49 | 32.47 | 36.96 | OK | |
r-devel-linux-x86_64-fedora-clang | 1.2.2 | 59.04 | NOTE | |||
r-devel-linux-x86_64-fedora-gcc | 1.2.2 | 67.54 | NOTE | |||
r-devel-windows-x86_64 | 1.2.2 | 8.00 | 60.00 | 68.00 | OK | |
r-patched-linux-x86_64 | 1.2.2 | OK | ||||
r-release-linux-x86_64 | 1.2.2 | 6.32 | 40.00 | 46.32 | OK | |
r-release-macos-arm64 | 1.2.2 | 32.00 | OK | |||
r-release-macos-x86_64 | 1.2.2 | 47.00 | OK | |||
r-release-windows-x86_64 | 1.2.2 | 8.00 | 66.00 | 74.00 | OK | |
r-oldrel-macos-arm64 | 1.2.2 | 26.00 | OK | |||
r-oldrel-macos-x86_64 | 1.2.2 | 32.00 | NOTE | |||
r-oldrel-windows-x86_64 | 1.2.2 | 10.00 | 62.00 | 72.00 | OK |
Version: 1.2.2
Check: data for non-ASCII characters
Result: NOTE
Note: found 1 marked Latin-1 string
Note: found 46826 marked UTF-8 strings
Flavors: r-devel-linux-x86_64-fedora-clang, r-devel-linux-x86_64-fedora-gcc, r-oldrel-macos-x86_64