CRAN Package Check Results for Package deepdep

Last updated on 2023-03-30 06:53:12 CEST.

Flavor Version Tinstall Tcheck Ttotal Status Flags
r-devel-linux-x86_64-debian-clang 0.4.2 3.70 143.45 147.15 OK
r-devel-linux-x86_64-debian-gcc 0.4.2 2.98 114.29 117.27 OK
r-devel-linux-x86_64-fedora-clang 0.4.2 176.77 OK
r-devel-linux-x86_64-fedora-gcc 0.4.2 190.76 OK
r-devel-windows-x86_64 0.4.2 21.00 197.00 218.00 OK
r-patched-linux-x86_64 0.4.2 4.19 147.02 151.21 OK
r-release-linux-x86_64 0.4.2 3.87 153.84 157.71 OK
r-release-macos-arm64 0.4.2 73.00 OK
r-release-macos-x86_64 0.4.2 103.00 OK
r-release-windows-x86_64 0.4.2 5.00 210.00 215.00 OK
r-oldrel-macos-arm64 0.4.2 94.00 OK
r-oldrel-macos-x86_64 0.4.2 136.00 OK
r-oldrel-windows-ix86+x86_64 0.4.2 7.00 226.00 233.00 ERROR

Check Details

Version: 0.4.2
Check: tests
Result: ERROR
     Running 'spelling.R' [0s]
     Running 'testthat.R' [164s]
    Running the tests in 'tests/testthat.R' failed.
    Complete output:
     > library(testthat)
     > library(deepdep)
     >
     > test_check("deepdep")
     Initiating curl with CURL_SSL_BACKEND: openssl
     [ FAIL 1 | WARN 0 | SKIP 2 | PASS 45 ]
    
     == Skipped tests ===============================================================
     * On CRAN (2)
    
     == Failed tests ================================================================
     -- Error ('test-deepdep.R:32:3'): obtaining Bioc dependencies returns objects of correct types --
     Error in `value[[3L]](cond)`: les is not available neither on CRAN nor on Bioconductor
     Backtrace:
     x
     1. +-vcr::use_cassette(...) at test-deepdep.R:32:2
     2. | \-cassette$call_block(...)
     3. \-deepdep (local) deepdep_wrapped(...) at test-deepdep.R:33:4
     4. \-base::tryCatch(...) at test-deepdep.R:3:2
     5. \-base (local) tryCatchList(expr, classes, parentenv, handlers)
     6. \-base (local) tryCatchOne(expr, names, parentenv, handlers[[1L]])
     7. \-value[[3L]](cond)
    
     [ FAIL 1 | WARN 0 | SKIP 2 | PASS 45 ]
     Error: Test failures
     Execution halted
Flavor: r-oldrel-windows-ix86+x86_64