CRAN Package Check Results for Package deflateBR

Last updated on 2022-10-01 07:07:54 CEST.

Flavor Version Tinstall Tcheck Ttotal Status Flags
r-devel-linux-x86_64-debian-clang 1.1.2 2.91 31.84 34.75 NOTE
r-devel-linux-x86_64-debian-gcc 1.1.2 2.37 24.94 27.31 NOTE
r-devel-linux-x86_64-fedora-clang 1.1.2 56.13 NOTE
r-devel-linux-x86_64-fedora-gcc 1.1.2 54.30 NOTE
r-devel-windows-x86_64 1.1.2 11.00 59.00 70.00 NOTE
r-patched-linux-x86_64 1.1.2 3.04 31.09 34.13 NOTE
r-release-linux-x86_64 1.1.2 3.16 30.11 33.27 NOTE
r-release-macos-arm64 1.1.2 18.00 NOTE
r-release-macos-x86_64 1.1.2 30.00 NOTE
r-release-windows-x86_64 1.1.2 15.00 55.00 70.00 NOTE
r-oldrel-macos-arm64 1.1.2 24.00 NOTE
r-oldrel-macos-x86_64 1.1.2 33.00 NOTE
r-oldrel-windows-ix86+x86_64 1.1.2 8.00 55.00 63.00 NOTE

Check Details

Version: 1.1.2
Check: LazyData
Result: NOTE
     'LazyData' is specified without a 'data' directory
Flavors: r-devel-linux-x86_64-debian-clang, r-devel-linux-x86_64-debian-gcc, r-devel-linux-x86_64-fedora-clang, r-devel-linux-x86_64-fedora-gcc, r-devel-windows-x86_64, r-patched-linux-x86_64, r-release-linux-x86_64, r-release-macos-arm64, r-release-macos-x86_64, r-release-windows-x86_64, r-oldrel-macos-arm64, r-oldrel-macos-x86_64, r-oldrel-windows-ix86+x86_64