CRAN Package Check Results for Package denoiseR

Last updated on 2024-02-24 06:50:34 CET.

Flavor Version Tinstall Tcheck Ttotal Status Flags
r-devel-linux-x86_64-debian-clang 1.0.2 12.75 102.41 115.16 OK
r-devel-linux-x86_64-debian-gcc 1.0.2 9.82 77.74 87.56 OK
r-devel-linux-x86_64-fedora-clang 1.0.2 141.34 OK
r-devel-linux-x86_64-fedora-gcc 1.0.2 135.10 OK
r-devel-windows-x86_64 1.0.2 12.00 91.00 103.00 OK
r-patched-linux-x86_64 1.0.2 17.51 99.95 117.46 OK
r-release-linux-x86_64 1.0.2 10.31 100.69 111.00 OK
r-release-macos-arm64 1.0.2 46.00 OK
r-release-macos-x86_64 1.0.2 71.00 NOTE
r-release-windows-x86_64 1.0.2 17.00 109.00 126.00 OK
r-oldrel-macos-arm64 1.0.2 42.00 OK
r-oldrel-windows-x86_64 1.0.2 17.00 112.00 129.00 OK

Check Details

Version: 1.0.2
Check: package dependencies
Result: NOTE Package suggested but not available for checking: ‘missMDA’ Flavor: r-release-macos-x86_64