Last updated on 2025-01-23 07:50:12 CET.
Flavor | Version | Tinstall | Tcheck | Ttotal | Status | Flags |
---|---|---|---|---|---|---|
r-devel-linux-x86_64-debian-clang | 1.0-2.2 | 166.58 | 125.77 | 292.35 | OK | |
r-devel-linux-x86_64-debian-gcc | 1.0-2.2 | 142.68 | 104.05 | 246.73 | OK | |
r-devel-linux-x86_64-fedora-clang | 1.0-2.2 | 487.62 | OK | |||
r-devel-linux-x86_64-fedora-gcc | 1.0-2.2 | 579.06 | OK | |||
r-devel-windows-x86_64 | 1.0-2.2 | 160.00 | 168.00 | 328.00 | OK | |
r-patched-linux-x86_64 | 1.0-2.2 | 189.82 | 133.40 | 323.22 | NOTE | |
r-release-linux-x86_64 | 1.0-2.2 | 178.39 | 131.89 | 310.28 | NOTE | |
r-release-macos-arm64 | 1.0-2.2 | 123.00 | NOTE | |||
r-release-macos-x86_64 | 1.0-2.2 | 185.00 | NOTE | |||
r-release-windows-x86_64 | 1.0-2.2 | 162.00 | 163.00 | 325.00 | NOTE | |
r-oldrel-macos-arm64 | 1.0-2.2 | 134.00 | NOTE | |||
r-oldrel-macos-x86_64 | 1.0-2.2 | 206.00 | NOTE | |||
r-oldrel-windows-x86_64 | 1.0-2.2 | 209.00 | 188.00 | 397.00 | NOTE |
Version: 1.0-2.2
Check: for GNU extensions in Makefiles
Result: NOTE
GNU make is a SystemRequirements.
Flavors: r-patched-linux-x86_64, r-release-linux-x86_64, r-release-macos-arm64, r-release-macos-x86_64, r-release-windows-x86_64, r-oldrel-macos-arm64, r-oldrel-macos-x86_64, r-oldrel-windows-x86_64
Version: 1.0-2.2
Check: installed package size
Result: NOTE
installed size is 44.7Mb
sub-directories of 1Mb or more:
doc 1.9Mb
libs 42.5Mb
Flavors: r-release-macos-arm64, r-release-macos-x86_64, r-oldrel-macos-arm64, r-oldrel-macos-x86_64