Last updated on 2023-03-24 05:52:10 CET.
Flavor | Version | Tinstall | Tcheck | Ttotal | Status | Flags |
---|---|---|---|---|---|---|
r-devel-linux-x86_64-debian-clang | 0.3.0 | 8.15 | 71.55 | 79.70 | OK | |
r-devel-linux-x86_64-debian-gcc | 0.3.0 | 5.46 | 53.50 | 58.96 | OK | |
r-devel-linux-x86_64-fedora-clang | 0.3.0 | 97.42 | NOTE | |||
r-devel-linux-x86_64-fedora-gcc | 0.3.0 | 102.19 | OK | |||
r-devel-windows-x86_64 | 0.3.0 | 23.00 | 116.00 | 139.00 | OK | |
r-patched-linux-x86_64 | 0.3.0 | 9.72 | 69.81 | 79.53 | OK | |
r-release-linux-x86_64 | 0.3.0 | 7.23 | 68.70 | 75.93 | OK | |
r-release-macos-arm64 | 0.3.0 | 35.00 | OK | |||
r-release-macos-x86_64 | 0.3.0 | 68.00 | OK | |||
r-release-windows-x86_64 | 0.3.0 | 44.00 | 112.00 | 156.00 | OK | |
r-oldrel-macos-arm64 | 0.3.0 | 29.00 | OK | |||
r-oldrel-macos-x86_64 | 0.3.0 | 62.00 | OK | |||
r-oldrel-windows-ix86+x86_64 | 0.3.0 | 15.00 | 97.00 | 112.00 | OK |
Version: 0.3.0
Check: Rd cross-references
Result: NOTE
Undeclared package ‘htmlwidgets’ in Rd xrefs
Flavor: r-devel-linux-x86_64-fedora-clang