CRAN Package Check Results for Package designmatch

Last updated on 2022-07-02 07:06:57 CEST.

Flavor Version Tinstall Tcheck Ttotal Status Flags
r-devel-linux-x86_64-debian-clang 0.3.1 4.40 94.97 99.37 NOTE
r-devel-linux-x86_64-debian-gcc 0.3.1 4.44 67.48 71.92 NOTE
r-devel-linux-x86_64-fedora-clang 0.3.1 126.72 NOTE
r-devel-linux-x86_64-fedora-gcc 0.3.1 125.45 NOTE
r-devel-windows-x86_64 0.3.1 10.00 115.00 125.00 NOTE
r-patched-linux-x86_64 0.3.1 5.68 83.20 88.88 NOTE
r-release-linux-x86_64 0.3.1 4.69 83.18 87.87 NOTE
r-release-macos-arm64 0.3.1 25.00 NOTE
r-release-macos-x86_64 0.3.1 46.00 NOTE
r-release-windows-x86_64 0.3.1 34.00 107.00 141.00 NOTE
r-oldrel-macos-arm64 0.3.1 34.00 NOTE
r-oldrel-macos-x86_64 0.3.1 50.00 NOTE
r-oldrel-windows-ix86+x86_64 0.3.1 11.00 109.00 120.00 NOTE

Check Details

Version: 0.3.1
Check: package dependencies
Result: NOTE
    Package which this enhances but not available for checking: 'gurobi'
Flavors: r-devel-linux-x86_64-debian-clang, r-devel-linux-x86_64-debian-gcc, r-patched-linux-x86_64, r-release-linux-x86_64

Version: 0.3.1
Check: package dependencies
Result: NOTE
    Packages which this enhances but not available for checking:
     'gurobi', 'Rcplex'
Flavors: r-devel-linux-x86_64-fedora-clang, r-devel-linux-x86_64-fedora-gcc, r-devel-windows-x86_64, r-release-macos-arm64, r-release-macos-x86_64, r-release-windows-x86_64, r-oldrel-macos-x86_64, r-oldrel-windows-ix86+x86_64

Version: 0.3.1
Check: package dependencies
Result: NOTE
    Packages which this enhances but not available for checking:
     'gurobi', 'Rcplex', 'Rsymphony'
Flavor: r-oldrel-macos-arm64