CRAN Package Check Results for Package detrendr

Last updated on 2023-03-23 06:52:18 CET.

Flavor Version Tinstall Tcheck Ttotal Status Flags
r-devel-linux-x86_64-debian-clang 0.6.15 143.84 134.12 277.96 NOTE
r-devel-linux-x86_64-debian-gcc 0.6.15 120.39 101.34 221.73 NOTE
r-devel-linux-x86_64-fedora-clang 0.6.15 401.99 NOTE
r-devel-linux-x86_64-fedora-gcc 0.6.15 362.21 NOTE
r-devel-windows-x86_64 0.6.15 138.00 188.00 326.00 NOTE
r-patched-linux-x86_64 0.6.15 87.15 129.40 216.55 NOTE
r-release-linux-x86_64 0.6.15 94.08 129.97 224.05 NOTE
r-release-macos-arm64 0.6.15 71.00 NOTE
r-release-macos-x86_64 0.6.15 128.00 NOTE
r-release-windows-x86_64 0.6.15 157.00 193.00 350.00 NOTE
r-oldrel-macos-arm64 0.6.15 68.00 NOTE
r-oldrel-macos-x86_64 0.6.15 135.00 NOTE
r-oldrel-windows-ix86+x86_64 0.6.15 351.00 225.00 576.00 NOTE

Check Details

Version: 0.6.15
Check: for GNU extensions in Makefiles
Result: NOTE
    GNU make is a SystemRequirements.
Flavors: r-devel-linux-x86_64-debian-clang, r-devel-linux-x86_64-debian-gcc, r-devel-linux-x86_64-fedora-clang, r-devel-linux-x86_64-fedora-gcc, r-devel-windows-x86_64, r-patched-linux-x86_64, r-release-linux-x86_64, r-release-macos-arm64, r-release-macos-x86_64, r-release-windows-x86_64, r-oldrel-macos-arm64, r-oldrel-macos-x86_64, r-oldrel-windows-ix86+x86_64