CRAN Package Check Results for Package detrendr

Last updated on 2021-11-30 07:49:49 CET.

Flavor Version Tinstall Tcheck Ttotal Status Flags
r-devel-linux-x86_64-debian-clang 0.6.14 128.69 114.07 242.76 NOTE
r-devel-linux-x86_64-debian-gcc 0.6.14 85.02 84.61 169.63 NOTE
r-devel-linux-x86_64-fedora-clang 0.6.14 353.14 NOTE
r-devel-linux-x86_64-fedora-gcc 0.6.14 311.68 NOTE
r-devel-windows-x86_64-new-UL 0.6.14 189.00 183.00 372.00 NOTE
r-devel-windows-x86_64-new-TK 0.6.14 NOTE
r-devel-windows-x86_64-old 0.6.14 181.00 123.00 304.00 NOTE
r-patched-linux-x86_64 0.6.14 103.50 107.96 211.46 NOTE
r-patched-solaris-x86 0.6.14 260.20 NOTE
r-release-linux-x86_64 0.6.14 103.59 109.09 212.68 NOTE
r-release-macos-arm64 0.6.14 NOTE
r-release-macos-x86_64 0.6.14 NOTE
r-release-windows-ix86+x86_64 0.6.14 341.00 163.00 504.00 NOTE
r-oldrel-macos-x86_64 0.6.14 NOTE
r-oldrel-windows-ix86+x86_64 0.6.14 243.00 156.00 399.00 NOTE

Check Details

Version: 0.6.14
Check: for GNU extensions in Makefiles
Result: NOTE
    GNU make is a SystemRequirements.
Flavors: r-devel-linux-x86_64-debian-clang, r-devel-linux-x86_64-debian-gcc, r-devel-linux-x86_64-fedora-clang, r-devel-linux-x86_64-fedora-gcc, r-devel-windows-x86_64-new-UL, r-devel-windows-x86_64-new-TK, r-devel-windows-x86_64-old, r-patched-linux-x86_64, r-patched-solaris-x86, r-release-linux-x86_64, r-release-macos-arm64, r-release-macos-x86_64, r-release-windows-ix86+x86_64, r-oldrel-macos-x86_64, r-oldrel-windows-ix86+x86_64

Version: 0.6.14
Check: installed package size
Result: NOTE
     installed size is 5.2Mb
     sub-directories of 1Mb or more:
     libs 4.0Mb
Flavors: r-devel-linux-x86_64-fedora-clang, r-release-macos-arm64